te the remainder when 246411 is divided by 1408.
11
Calculate the remainder when 18946 is divided by 154.
4
What is the remainder when 606 is divided by 33?
12
Calculate the remainder when 2547 is divided by 2540.
7
What is the remainder when 1151 is divided by 446?
259
What is the remainder when 36591 is divided by 24?
15
What is the remainder when 495964 is divided by 12399?
4
What is the remainder when 1003691 is divided by 17?
11
Calculate the remainder when 169013 is divided by 2.
1
What is the remainder when 102345 is divided by 34106?
27
Calculate the remainder when 8753 is divided by 243.
5
What is the remainder when 91021 is divided by 370?
1
What is the remainder when 2934655 is divided by 723?
721
What is the remainder when 3166 is divided by 127?
118
What is the remainder when 69420 is divided by 547?
498
What is the remainder when 53123 is divided by 233?
232
What is the remainder when 1140671 is divided by 312?
311
Calculate the remainder when 134331 is divided by 142.
141
What is the remainder when 36750 is divided by 32?
14
Calculate the remainder when 5314 is divided by 1039.
119
Calculate the remainder when 2762138 is divided by 134.
130
What is the remainder when 28733 is divided by 133?
5
Calculate the remainder when 681 is divided by 378.
303
What is the remainder when 1323 is divided by 124?
83
Calculate the remainder when 294840 is divided by 939.
933
What is the remainder when 417957 is divided by 339?
309
Calculate the remainder when 3618 is divided by 1668.
282
What is the remainder when 5479 is divided by 1667?
478
Calculate the remainder when 284064 is divided by 439.
31
What is the remainder when 2442 is divided by 9?
3
Calculate the remainder when 5669 is divided by 1837.
158
What is the remainder when 4542 is divided by 136?
54
Calculate the remainder when 835 is divided by 237.
124
What is the remainder when 39895 is divided by 118?
11
Calculate the remainder when 39180 is divided by 13052.
24
What is the remainder when 8728 is divided by 8704?
24
What is the remainder when 23982 is divided by 218?
2
What is the remainder when 1571 is divided by 280?
171
Calculate the remainder when 22187 is divided by 282.
191
Calculate the remainder when 507 is divided by 66.
45
Calculate the remainder when 93882 is divided by 62.
14
Calculate the remainder when 1849 is divided by 672.
505
Calculate the remainder when 16261 is divided by 8079.
103
What is the remainder when 721704 is divided by 26?
22
Calculate the remainder when 215793 is divided by 98.
95
Calculate the remainder when 273724 is divided by 31.
25
What is the remainder when 1801 is divided by 235?
156
Calculate the remainder when 485 is divided by 230.
25
What is the remainder when 1653021 is divided by 24?
21
What is the remainder when 28379 is divided by 9459?
2
Calculate the remainder when 15381 is divided by 32.
21
Calculate the remainder when 724028 is divided by 235.
228
Calculate the remainder when 2838 is divided by 746.
600
Calculate the remainder when 4202 is divided by 21.
2
Calculate the remainder when 280 is divided by 111.
58
Calculate the remainder when 52349 is divided by 75.
74
What is the remainder when 11167 is divided by 5573?
21
Calculate the remainder when 33398 is divided by 24.
14
What is the remainder when 165150 is divided by 67?
62
Calculate the remainder when 6060524 is divided by 2137.
2129
Calculate the remainder when 110058 is divided by 98.
4
Calculate the remainder when 5204 is divided by 344.
44
What is the remainder when 7960 is divided by 2651?
7
What is the remainder when 34813 is divided by 2046?
31
Calculate the remainder when 3788648 is divided by 276.
272
What is the remainder when 6681 is divided by 3320?
41
What is the remainder when 1813766 is divided by 15?
11
What is the remainder when 1917 is divided by 1468?
449
Calculate the remainder when 14543 is divided by 9.
8
Calculate the remainder when 11162 is divided by 1043.
732
What is the remainder when 449979 is divided by 10?
9
Calculate the remainder when 1648 is divided by 234.
10
What is the remainder when 525329 is divided by 26?
25
Calculate the remainder when 463759 is divided by 227.
225
Calculate the remainder when 18212 is divided by 6037.
101
What is the remainder when 11534 is divided by 829?
757
Calculate the remainder when 53614 is divided by 541.
55
Calculate the remainder when 89440 is divided by 5.
0
Calculate the remainder when 1542 is divided by 1344.
198
What is the remainder when 464997 is divided by 372?
369
Calculate the remainder when 7327 is divided by 732.
7
Calculate the remainder when 1248523 is divided by 24.
19
Calculate the remainder when 1753 is divided by 1567.
186
Calculate the remainder when 868 is divided by 10.
8
What is the remainder when 205637 is divided by 90?
77
What is the remainder when 14636 is divided by 244?
240
What is the remainder when 103531 is divided by 515?
16
Calculate the remainder when 22320 is divided by 21.
18
Calculate the remainder when 62013 is divided by 19.
16
What is the remainder when 4005 is divided by 1295?
120
Calculate the remainder when 1440012 is divided by 2243.
6
Calculate the remainder when 97056 is divided by 708.
60
What is the remainder when 136397 is divided by 81?
74
Calculate the remainder when 8789 is divided by 61.
5
Calculate the remainder when 334015 is divided by 21.
10
What is the remainder when 55245 is divided by 18363?
156
What is the remainder when 40791 is divided by 226?
111
What is the remainder when 2970 is divided by 1439?
92
Calculate the remainder when 210093 is divided by 499.
14
What is the remainder when 27179 is divided by 39?
35
Calculate the remainder when 323215 is divided by 37.
20
Calculate the remainder when 176 is divided by 101.
75
Calculate the remainder when 1599 is divided by 178.
175
What is the remainder when 19499 is divided by 49?
46
Calculate the remainder when 1508 is divided by 381.
365
Calculate the remainder when 140433 is divided by 46804.
21
What is the remainder when 946 is divided by 154?
22
What is the remainder when 90956 is divided by 45472?
12
What is the remainder when 4202 is divided by 113?
21
What is the remainder when 1558 is divided by 20?
18
Calculate the remainder when 31238 is divided by 13.
12
Calculate the remainder when 22927 is divided by 52.
47
What is the remainder when 105626 is divided by 35204?
14
What is the remainder when 2304591 is divided by 727?
1
Calculate the remainder when 12237 is divided by 51.
48
Calculate the remainder when 110238 is divided by 1125.
1113
Calculate the remainder when 525367 is divided by 2171.
2156
Calculate the remainder when 573 is divided by 34.
29
What is the remainder when 10262 is divided by 840?
182
What is the remainder when 1363423 is divided by 2?
1
What is the remainder when 617 is divided by 163?
128
Calculate the remainder when 4533 is divided by 1470.
123
Calculate the remainder when 1412981 is divided by 20.
1
What is the remainder when 2345 is divided by 364?
161
What is the remainder when 23858 is divided by 99?
98
Calculate the remainder when 2057 is divided by 69.
56
What is the remainder when 16285 is divided by 674?
109
What is the remainder when 2356 is divided by 90?
16
What is the remainder when 149875 is divided by 82?
61
What is the remainder when 476737 is divided by 164?
153
Calculate the remainder when 6968 is divided by 407.
49
What is the remainder when 14103 is divided by 91?
89
Calculate the remainder when 3596 is divided by 45.
41
What is the remainder when 12430 is divided by 777?
775
What is the remainder when 38800 is divided by 223?
221
Calculate the remainder when 13061 is divided by 198.
191
Calculate the remainder when 49454 is divided by 526.
10
What is the remainder when 2062 is divided by 414?
406
What is the remainder when 1038 is divided by 448?
142
What is the remainder when 5462 is divided by 5451?
11
Calculate the remainder when 4717 is divided by 4622.
95
Calculate the remainder when 335544 is divided by 25.
19
What is the remainder when 34296 is divided by 34266?
30
Calculate the remainder when 4766 is divided by 34.
6
Calculate the remainder when 1600 is divided by 151.
90
Calculate the remainder when 5346 is divided by 2587.
172
Calcula